f 132 and 1562.
22
Calculate the greatest common factor of 47 and 799.
47
Calculate the greatest common factor of 1825 and 146.
73
What is the highest common factor of 320 and 2860?
20
What is the highest common divisor of 1139 and 1921?
17
Calculate the highest common divisor of 405 and 1053.
81
What is the greatest common factor of 2928 and 16?
16
What is the greatest common divisor of 568 and 24?
8
Calculate the greatest common factor of 3485 and 85.
85
What is the greatest common factor of 649 and 44?
11
Calculate the highest common divisor of 54 and 240.
6
What is the greatest common factor of 34 and 1088?
34
Calculate the highest common factor of 363 and 110.
11
What is the highest common factor of 171 and 72?
9
What is the greatest common divisor of 40 and 50?
10
Calculate the highest common factor of 58 and 551.
29
What is the highest common divisor of 152 and 2033?
19
Calculate the highest common divisor of 603 and 67.
67
Calculate the greatest common factor of 117 and 4407.
39
What is the highest common divisor of 15 and 1185?
15
Calculate the greatest common factor of 102 and 2499.
51
Calculate the highest common factor of 30 and 36.
6
What is the greatest common factor of 253 and 46?
23
What is the greatest common factor of 36 and 28?
4
What is the highest common factor of 7335 and 45?
45
What is the highest common divisor of 640 and 190?
10
Calculate the greatest common divisor of 156 and 1092.
156
What is the highest common factor of 11577 and 51?
51
What is the highest common factor of 1600 and 4600?
200
What is the greatest common factor of 3286 and 1060?
106
Calculate the greatest common factor of 325 and 234.
13
What is the highest common factor of 1555 and 5?
5
Calculate the greatest common divisor of 88 and 16.
8
Calculate the highest common divisor of 11 and 44.
11
What is the greatest common divisor of 85 and 1139?
17
Calculate the greatest common divisor of 70 and 56.
14
Calculate the highest common factor of 294 and 462.
42
What is the greatest common divisor of 1752 and 96?
24
What is the greatest common factor of 8 and 3992?
8
What is the greatest common factor of 87 and 29?
29
What is the greatest common factor of 33543 and 9?
9
What is the highest common divisor of 39 and 35737?
13
What is the highest common factor of 1556 and 4?
4
Calculate the greatest common factor of 26 and 1508.
26
Calculate the greatest common divisor of 28 and 77.
7
Calculate the highest common divisor of 1156 and 2720.
68
What is the highest common divisor of 783 and 29?
29
What is the highest common factor of 378 and 14?
14
What is the highest common divisor of 5346 and 396?
198
What is the greatest common divisor of 1050 and 4515?
105
What is the greatest common divisor of 63 and 27?
9
What is the greatest common divisor of 790 and 1110?
10
Calculate the highest common divisor of 1 and 163.
1
What is the greatest common factor of 1350 and 3780?
270
What is the greatest common factor of 8125 and 130?
65
What is the greatest common factor of 100 and 15?
5
What is the highest common factor of 1512 and 840?
168
Calculate the highest common factor of 2712 and 24.
24
What is the greatest common divisor of 319 and 58?
29
What is the greatest common factor of 120 and 70?
10
What is the highest common factor of 102 and 272?
34
Calculate the greatest common factor of 24 and 15018.
6
What is the highest common factor of 189 and 22869?
189
Calculate the greatest common factor of 130 and 286.
26
Calculate the highest common factor of 30 and 54.
6
What is the highest common divisor of 360 and 4608?
72
What is the highest common factor of 55 and 5?
5
Calculate the greatest common factor of 217 and 56.
7
Calculate the highest common divisor of 7567 and 94.
47
What is the greatest common factor of 969 and 57?
57
Calculate the highest common factor of 130 and 650.
130
Calculate the greatest common factor of 212 and 16.
4
Calculate the greatest common divisor of 109 and 436.
109
Calculate the greatest common factor of 279 and 93.
93
What is the highest common divisor of 2775 and 150?
75
Calculate the highest common divisor of 15 and 48.
3
Calculate the highest common divisor of 11761 and 19.
19
Calculate the highest common divisor of 1152 and 9.
9
What is the highest common divisor of 50 and 80?
10
What is the greatest common factor of 5 and 155?
5
What is the highest common factor of 780 and 52?
52
Calculate the greatest common factor of 2432 and 456.
152
Calculate the greatest common divisor of 224 and 280.
56
Calculate the highest common factor of 2030 and 90.
10
What is the highest common divisor of 160 and 20?
20
Calculate the greatest common divisor of 180 and 225.
45
Calculate the highest common divisor of 504 and 8253.
63
What is the greatest common divisor of 3 and 59?
1
What is the greatest common divisor of 49 and 52?
1
Calculate the highest common divisor of 533 and 78.
13
What is the greatest common divisor of 48 and 352?
16
Calculate the highest common divisor of 15 and 85.
5
What is the greatest common factor of 2655 and 5?
5
What is the greatest common factor of 28 and 10066?
14
What is the highest common divisor of 4760 and 70?
70
Calculate the greatest common factor of 7922 and 34.
34
Calculate the greatest common factor of 4256 and 931.
133
What is the highest common divisor of 455 and 182?
91
Calculate the greatest common divisor of 1519 and 98.
49
Calculate the highest common divisor of 4 and 20.
4
What is the highest common factor of 5088 and 159?
159
Calculate the highest common divisor of 19 and 323.
19
What is the greatest common factor of 68 and 52?
4
Calculate the highest common divisor of 1584 and 12.
12
Calculate the highest common factor of 871 and 3082.
67
What is the highest common factor of 7872 and 1107?
123
Calculate the highest common divisor of 21 and 24213.
21
What is the highest common factor of 160 and 360?
40
What is the greatest common divisor of 36 and 554?
2
What is the highest common factor of 36 and 9?
9
Calculate the greatest common divisor of 4082 and 52.
26
Calculate the highest common divisor of 140 and 20.
20
What is the greatest common factor of 72 and 1650?
6
Calculate the highest common divisor of 15 and 105.
15
What is the highest common divisor of 500 and 20?
20
Calculate the highest common factor of 444 and 12.
12
Calculate the highest common divisor of 11 and 55.
11
Calculate the greatest common factor of 1375 and 3625.
125
What is the greatest common divisor of 40 and 11440?
40
Calculate the greatest common factor of 1448 and 40.
8
Calculate the highest common factor of 648 and 16.
8
What is the greatest common divisor of 189 and 4410?
63
Calculate the greatest common factor of 483 and 168.
21
Calculate the highest common divisor of 3996 and 108.
108
Calculate the highest common factor of 482 and 5543.
241
Calculate the highest common divisor of 958 and 2.
2
Calculate the highest common divisor of 86 and 21027.
43
Calculate the greatest common divisor of 474 and 174.
6
What is the greatest common factor of 32 and 736?
32
Calculate the highest common factor of 231 and 105.
21
What is the greatest common divisor of 76 and 4?
4
Calculate the greatest common factor of 378 and 210.
42
Calculate the greatest common divisor of 175 and 50.
25
What is the greatest common divisor of 16031 and 92?
23
Calculate the highest common divisor of 47 and 517.
47
What is the greatest common factor of 126 and 266?
14
What is the greatest common factor of 43 and 316?
1
What is the highest common divisor of 22 and 286?
22
What is the greatest common factor of 594 and 4?
2
What is the greatest common factor of 1044 and 609?
87
What is the highest common factor of 975 and 35425?
325
Calculate the highest common factor of 39 and 351.
39
What is the highest common factor of 12 and 48?
12
Calculate the greatest common factor of 507 and 117.
39
Calculate the greatest common factor of 731 and 17.
17
What is the greatest common factor of 531 and 59?
59
What is the greatest common factor of 16 and 1808?
16
Calculate the highest common divisor of 459 and 243.
27
Calculate the highest common factor of 4763 and 33.
11
Calculate the greatest common divisor of 95 and 5.
5
Calculate the greatest common factor of 162 and 4428.
54
Wha